ivisor of 22640 and 20.
20
Calculate the highest common divisor of 7631 and 104.
13
What is the highest common divisor of 21 and 1113?
21
Calculate the greatest common divisor of 48 and 120.
24
Calculate the greatest common divisor of 153 and 34.
17
Calculate the greatest common factor of 216 and 342.
18
Calculate the highest common factor of 66 and 270.
6
What is the greatest common factor of 12 and 1710?
6
Calculate the greatest common divisor of 15 and 105.
15
What is the highest common divisor of 50 and 9950?
50
Calculate the highest common divisor of 1178 and 1240.
62
Calculate the highest common factor of 249 and 6.
3
What is the greatest common factor of 342 and 456?
114
Calculate the highest common divisor of 20 and 340.
20
What is the highest common factor of 140 and 3290?
70
Calculate the highest common factor of 324 and 300.
12
What is the highest common divisor of 5767 and 79?
79
Calculate the highest common divisor of 59 and 17287.
59
What is the greatest common factor of 520 and 50?
10
Calculate the highest common factor of 43740 and 20.
20
What is the greatest common factor of 25393 and 201?
67
What is the greatest common divisor of 4 and 244?
4
Calculate the highest common factor of 539 and 4928.
77
Calculate the greatest common factor of 60 and 500.
20
What is the highest common factor of 645 and 86?
43
What is the greatest common factor of 438 and 234?
6
Calculate the greatest common divisor of 1029 and 21.
21
What is the greatest common factor of 100 and 4?
4
What is the highest common factor of 5 and 45?
5
What is the highest common divisor of 1600 and 75?
25
Calculate the highest common factor of 18 and 9.
9
Calculate the highest common divisor of 1633 and 23.
23
Calculate the greatest common divisor of 224 and 128.
32
Calculate the greatest common factor of 20 and 70.
10
Calculate the highest common divisor of 4179 and 399.
21
Calculate the highest common divisor of 72 and 3573.
9
Calculate the highest common divisor of 264 and 10428.
132
What is the greatest common divisor of 236 and 3894?
118
Calculate the highest common divisor of 1330 and 90.
10
What is the highest common factor of 15 and 115?
5
Calculate the highest common divisor of 145 and 17777.
29
Calculate the greatest common factor of 96 and 384.
96
What is the highest common divisor of 662 and 50?
2
Calculate the highest common divisor of 94 and 138.
2
Calculate the highest common factor of 70 and 3115.
35
Calculate the highest common factor of 24 and 4080.
24
Calculate the highest common factor of 22 and 231.
11
What is the greatest common factor of 33 and 17226?
33
What is the greatest common factor of 270 and 4374?
54
What is the highest common factor of 891 and 22?
11
Calculate the highest common divisor of 9348 and 76.
76
Calculate the greatest common divisor of 3075 and 175.
25
Calculate the highest common factor of 15655 and 155.
155
Calculate the highest common factor of 1309 and 154.
77
What is the greatest common divisor of 122 and 3294?
122
What is the greatest common divisor of 16 and 6704?
16
What is the highest common divisor of 3652 and 484?
44
Calculate the highest common divisor of 162 and 945.
27
Calculate the greatest common divisor of 4075 and 25.
25
What is the highest common divisor of 784 and 96?
16
What is the highest common divisor of 59 and 65018?
59
What is the greatest common factor of 80 and 730?
10
What is the highest common divisor of 122 and 183?
61
What is the highest common divisor of 10 and 2755?
5
What is the greatest common divisor of 1892 and 1716?
44
What is the highest common factor of 189 and 4023?
27
Calculate the highest common divisor of 308 and 3927.
77
What is the highest common divisor of 16 and 5912?
8
What is the highest common divisor of 6 and 19?
1
What is the highest common divisor of 9 and 44?
1
What is the highest common divisor of 30 and 3414?
6
Calculate the highest common divisor of 59241 and 147.
147
Calculate the highest common divisor of 2014 and 19.
19
Calculate the highest common divisor of 352 and 32.
32
Calculate the greatest common divisor of 108 and 243.
27
What is the highest common divisor of 342 and 36?
18
What is the greatest common factor of 49 and 5243?
49
What is the highest common divisor of 81 and 33291?
81
What is the highest common divisor of 2666 and 430?
86
What is the highest common divisor of 832 and 325?
13
Calculate the greatest common factor of 391 and 731.
17
What is the highest common factor of 966 and 2760?
138
What is the greatest common divisor of 614 and 2?
2
What is the greatest common factor of 7945 and 30?
5
Calculate the highest common divisor of 8 and 88.
8
What is the greatest common divisor of 88 and 528?
88
What is the highest common divisor of 1462 and 34?
34
Calculate the highest common divisor of 23 and 253.
23
Calculate the highest common factor of 7979 and 79.
79
Calculate the highest common factor of 992 and 1184.
32
Calculate the highest common factor of 170 and 204.
34
Calculate the greatest common divisor of 927 and 9.
9
Calculate the greatest common factor of 1484 and 7.
7
Calculate the highest common divisor of 1265 and 55.
55
Calculate the greatest common divisor of 2266 and 198.
22
What is the highest common factor of 24 and 480?
24
What is the greatest common factor of 704 and 64?
64
What is the highest common divisor of 92 and 897?
23
What is the greatest common divisor of 255 and 45?
15
What is the highest common factor of 293 and 61823?
293
What is the greatest common divisor of 39 and 3?
3
What is the highest common factor of 988 and 228?
76
Calculate the highest common divisor of 12 and 162.
6
What is the greatest common factor of 10 and 6155?
5
What is the greatest common divisor of 115 and 55?
5
Calculate the highest common factor of 418 and 190.
38
Calculate the greatest common factor of 4914 and 84.
42
Calculate the highest common divisor of 80 and 45.
5
Calculate the highest common factor of 6 and 1970.
2
Calculate the greatest common factor of 323 and 152.
19
Calculate the highest common divisor of 2 and 4078.
2
What is the greatest common divisor of 19 and 19456?
19
What is the greatest common factor of 1 and 554?
1
What is the greatest common factor of 186 and 310?
62
What is the highest common factor of 605 and 440?
55
What is the greatest common factor of 6069 and 17?
17
Calculate the highest common divisor of 435 and 90.
15
What is the highest common divisor of 13 and 117?
13
What is the highest common factor of 27 and 81?
27
Calculate the greatest common divisor of 25 and 1075.
25
Calculate the highest common divisor of 16401 and 11.
11
Calculate the highest common divisor of 87 and 9309.
87
Calculate the highest common divisor of 2928 and 854.
122
Calculate the highest common factor of 1146 and 24448.
382
Calculate the greatest common factor of 45 and 110.
5
What is the highest common factor of 14 and 385?
7
What is the highest common factor of 113 and 1469?
113
What is the greatest common factor of 36 and 243?
9
What is the greatest common factor of 26 and 221?
13
What is the greatest common divisor of 165 and 66?
33
Calculate the highest common factor of 184 and 10074.
46
Calculate the highest common factor of 79 and 1.
1
What is the highest common divisor of 228 and 1406?
38
Calculate the highest common factor of 6 and 924.
6
Calculate the highest common factor of 9 and 873.
9
Calculate the greatest common divisor of 623 and 7.
7
Calculate the highest common divisor of 7482 and 522.
174
What is the highest common divisor of 962 and 208?
26
What is the highest common divisor of 5 and 5?
5
Calculate the greatest common divisor of 42 and 1414.
14
Calculate the greatest common factor of 85 and 3315.
85
What is the greatest common divisor of 535 and 30?
5
Calculate the greatest common divisor of 177 and 3127.
59
What is the highest common factor of 165 and 8404?
11
Calculate the greatest common divisor of 2210 and 1445.
85
What is the greatest common factor of 30 and 14475?
15
Calculate the highest common factor of 2 and 2.
2
Calculate the highest common factor of 9164 and 116.
116
What is the greatest common factor of 6 and 33?
3
What is the greatest common divisor of 16 and 1168?
16
What is the highest common divisor of 190 and